0
What is the highest common factor of 484 and 5324?
484
What is the greatest common divisor of 2001 and 13179?
69
Calculate the greatest common factor of 24656 and 15088.
368
What is the highest common factor of 623 and 1001339?
89
Calculate the greatest common factor of 563668 and 14.
14
What is the highest common divisor of 158 and 161002?
158
Calculate the greatest common factor of 1130823 and 153.
153
Calculate the greatest common factor of 2559 and 213.
3
What is the greatest common divisor of 2 and 2038?
2
Calculate the highest common factor of 2280 and 32718.
114
Calculate the greatest common factor of 2364 and 168.
12
Calculate the highest common factor of 7296 and 95808.
192
What is the greatest common divisor of 913 and 1080494?
83
Calculate the highest common factor of 16 and 937808.
16
Calculate the greatest common factor of 460 and 35190.
230
What is the highest common factor of 80 and 3820?
20
What is the greatest common divisor of 140 and 3812186?
14
What is the highest common divisor of 756 and 4452?
84
Calculate the highest common factor of 16407700 and 25.
25
What is the greatest common divisor of 2849 and 38591?
259
Calculate the highest common divisor of 560 and 167300.
140
What is the greatest common divisor of 213440 and 41296?
464
What is the greatest common divisor of 421325 and 475?
475
What is the highest common factor of 55818 and 63?
63
Calculate the highest common factor of 408603 and 78.
39
Calculate the greatest common factor of 1980244 and 197.
197
Calculate the greatest common divisor of 5152 and 8.
8
Calculate the highest common divisor of 28730 and 27710.
170
Calculate the highest common divisor of 6 and 239766.
6
What is the greatest common factor of 28 and 5597256?
28
What is the greatest common divisor of 1513 and 1479?
17
Calculate the greatest common factor of 5423 and 5797.
187
What is the greatest common divisor of 530 and 20610?
10
Calculate the highest common factor of 896 and 341888.
128
Calculate the highest common divisor of 234 and 329394.
78
Calculate the highest common divisor of 14 and 655060.
14
What is the highest common divisor of 1212 and 851127?
303
What is the highest common factor of 169623 and 705?
141
Calculate the greatest common factor of 74528 and 96.
32
Calculate the greatest common factor of 508 and 79883.
127
What is the highest common factor of 78 and 1553318?
26
What is the highest common divisor of 12069 and 3427?
149
What is the highest common divisor of 104 and 43147?
13
Calculate the greatest common factor of 287016 and 72.
24
What is the greatest common factor of 62048 and 168?
56
Calculate the highest common divisor of 8960 and 7980.
140
What is the highest common factor of 1400 and 4?
4
Calculate the greatest common factor of 102 and 117878.
34
Calculate the greatest common factor of 741 and 66222.
39
What is the greatest common divisor of 12712 and 532?
28
Calculate the highest common factor of 138973 and 62.
31
Calculate the greatest common divisor of 9 and 3483720.
9
Calculate the highest common divisor of 17 and 1415539.
17
Calculate the greatest common factor of 131338 and 97.
97
What is the greatest common factor of 321600 and 6?
6
Calculate the highest common divisor of 141 and 41125.
47
Calculate the highest common divisor of 1736 and 103943.
217
Calculate the greatest common divisor of 504 and 378056.
56
What is the highest common divisor of 90574 and 35084?
358
Calculate the greatest common factor of 638 and 74182.
58
What is the highest common factor of 3325045 and 109?
109
What is the greatest common divisor of 366 and 4024292?
122
What is the greatest common factor of 2291790 and 30?
30
What is the greatest common divisor of 210 and 6846?
42
Calculate the highest common divisor of 1408 and 17149.
11
What is the greatest common factor of 2828 and 289163?
707
Calculate the highest common divisor of 4438 and 217.
7
Calculate the greatest common divisor of 459 and 879767.
17
What is the highest common factor of 648 and 2610?
18
Calculate the greatest common factor of 893 and 40279.
47
What is the highest common divisor of 4412 and 4268?
4
Calculate the greatest common factor of 57 and 54511.
19
What is the greatest common divisor of 660 and 14300?
220
Calculate the highest common factor of 13 and 6617.
13
Calculate the greatest common divisor of 117 and 243819.
9
What is the highest common factor of 3382 and 4717?
89
Calculate the greatest common factor of 5488 and 840.
56
What is the greatest common factor of 83550 and 300?
150
Calculate the greatest common divisor of 2312841 and 129.
129
Calculate the highest common factor of 99029 and 2709.
301
Calculate the greatest common divisor of 441 and 221872.
49
What is the highest common divisor of 63514 and 22?
22
Calculate the highest common divisor of 77265 and 1010.
505
What is the highest common divisor of 481 and 20239?
37
Calculate the greatest common divisor of 62645 and 55.
55
What is the greatest common factor of 244862 and 191?
191
What is the greatest common divisor of 15382 and 8?
2
Calculate the highest common divisor of 54 and 23094.
18
Calculate the highest common factor of 286 and 3564.
22
What is the highest common divisor of 157974 and 3842?
226
What is the highest common divisor of 6589 and 35341?
599
Calculate the highest common divisor of 21774 and 87669.
573
What is the greatest common factor of 124 and 1193?
1
Calculate the highest common factor of 884 and 4998.
34
What is the highest common factor of 1914 and 1131?
87
Calculate the greatest common factor of 55053 and 8559.
27
What is the greatest common factor of 14964 and 87462?
258
Calculate the greatest common factor of 323 and 1365967.
323
Calculate the greatest common divisor of 25 and 77975.
25
What is the greatest common factor of 71 and 3742481?
71
What is the highest common factor of 6440 and 288?
8
Calculate the greatest common factor of 2916 and 480.
12
What is the greatest common factor of 255 and 509898?
51
What is the greatest common divisor of 9335 and 5?
5
What is the greatest common divisor of 23005 and 8557?
43
What is the greatest common factor of 3776 and 29736?
472
Calculate the greatest common factor of 79232 and 640.
128
What is the highest common factor of 8697 and 258234?
669
What is the highest common divisor of 352624 and 16?
16
Calculate the greatest common divisor of 5168 and 6562.
34
Calculate the highest common factor of 144 and 62064.
144
What is the highest common factor of 99 and 57068?
11
Calculate the highest common factor of 352921 and 139.
139
What is the greatest common divisor of 14883 and 164?
41
Calculate the highest common divisor of 3783169 and 39.
13
Calculate the highest common factor of 14606460 and 1485.
1485
Calculate the greatest common factor of 1217737 and 537.
179
Calculate the greatest common factor of 16064 and 20833.
251
What is the highest common factor of 2339265 and 1385?
1385
Calculate the highest common factor of 438 and 104901.
219
Calculate the highest common factor of 19203 and 777.
111
What is the highest common divisor of 7230 and 570?
30
Calculate the greatest common factor of 10 and 965.
5
Calculate the greatest common factor of 1429552 and 9776.
752
Calculate the greatest common divisor of 114 and 5718.
6
What is the highest common factor of 6712607 and 649?
649
Calculate the greatest common factor of 433 and 8989513.
433
What is the greatest common divisor of 3193 and 11005?
31
Calculate the greatest common divisor of 506850 and 109.
109
Calculate the greatest common divisor of 7 and 601.
1
What is the greatest common divisor of 6058 and 182?
26
Calculate the greatest common factor of 6625953 and 1383.
1383
Calculate the highest common divisor of 242824 and 120.
8
Calculate the highest common factor of 2510 and 1570.
10
Calculate the greatest common factor of 159 and 35457.
159
Calculate the greatest common factor of 641276 and 12.
4
Calculate the highest common factor of 22 and 652751.
11
What is the greatest common divisor of 11570 and 20114?
178
What is the highest common factor of 411 and 4247?
137
What is the highest common divisor of 395659 and 33?
11
Calculate the highest common divisor of 88159 and 46.
23
What is the greatest common factor of 162625 and 125?
